 Give z(k).
-4
Let g be 19/((-6 + (12 - 4))*5/(-10)). Let k(s) = -s + 2. Determine k(g).
21
Let u(x) = 3*x**2 + 9046 - x**3 + 9051 - 18096. Let a(k) = k**3 + 3*k**2 - 2*k - 4. Let c be a(-3). Calculate u(c).
5
Let p be 22/4 - (-108)/72. Let u(z) = -4*z + 36. What is u(p)?
8
Let f(x) = 2*x - 28. Let g be f(17). Let j(s) = g*s + 13 - 2*s - 9 + s - 4*s. Let i be 10/(-2)*(-1)/(-1). Determine j(i).
-1
Let h(g) = 62*g - 1297 - 36*g + 42*g - 2227 + 4536. Calculate h(-15).
-8
Suppose 0 = -3*b - 5*m - 15, b + m - 12 = 5*m. Suppose -2*v - 2*v + 4 = -4*r, b = -3*r + 2*v + 2. Let l be 14/r*2/(-3 + 2). Let f(i) = i + 1. Determine f(l).
-6
Let k(u) = -208*u - 362. Let j(w) = -18*w - 2. Let x(v) = -12*j(v) + k(v). Determine x(44).
14
Let x = 1211 - 1211. Let t(f) = -6*f**2 - f + 17. Calculate t(x).
17
Let t(c) = c**3 - 18*c**2 + 17*c - 9. Let y be t(17). Let u(h) = 5*h**2 + 44*h + 1. Let z be u(y). Let d(g) = -g**2 + 10*g + 1. Determine d(z).
1
Suppose -m - 2*p - 16 = -5*m, 2*p = -4. Let h(d) = -6*d**3 + d**2 + 6*d + 4. Let a(o) = -5*o**3 + o**2 + 5*o + 3. Let n(j) = m*h(j) - 4*a(j). What is n(-2)?
-16
Let k(h) = 21*h**2 + 2. Let p(s) = 33*s**2 + 1517*s - 45. Let f be p(-46). Determine k(f).
23
Let g(v) = -17*v - 59. Let z be (6 + (-70)/6 + 5)/(3/18). What is g(z)?
9
Let m be 4/3*(2 - (-10)/4). Let z(j) be the third derivative of -j**6/120 + 2*j**5/15 - j**4/3 - j**3/6 + 171*j**2. Calculate z(m).
23
Let o(r) be the second derivative of -r**4/12 + 11*r**3/3 + 161*r**2 + 20*r - 55. Determine o(-10).
2
Let k(v) = v + 1. Suppose -60*y - 2860 = -55*y. Let g be 104/y + 70/22. What is k(g)?
4
Let q(a) = -13*a**3 - 66*a**2 - 5*a - 4. Let w be q(-5). Let o(k) = -k**2 - 14*k - 3. Give o(w).
37
Suppose -3*y = -2*y + 5. Let t(f) = 36*f + 5. Let l(x) = -989*x - 134. Let g(c) = 2*l(c) + 55*t(c). Calculate g(y).
-3
Let q(g) = g**3 + 16*g**2 - 18*g - 15. Let v be (1 - 7/5)/((-786)/(-33405)). What is q(v)?
2
Suppose 3*m + 2*m = 15. Suppose -m*t = -5*z + 39, 3*t - 2*z - 18 = 6*t. Let u(h) = 2 - 3 - h + 0. Determine u(t).
7
Let i = -1262 - -1257. Let b(z) = z**3 - 17*z + 14*z + 2*z + 7 + 5*z**2. Determine b(i).
12
Let b(a) be the second derivative of -a**4/12 + 5*a**3/6 + 3*a**2 + 10*a - 119. Determine b(11).
-60
Let n(u) = -u**2 + 6*u - 8. Let r be n(5). Suppose 5*m - 34 = -9. Let j(z) = z - 1. Let w(t) = 2*t - 7. Let l(y) = m*j(y) - w(y). What is l(r)?
-7
Let d(o) = 4*o + 2 + 14 - 13. Suppose -7*p + 2 = -6*p. Suppose 0 = 5*k - 27 + p. What is d(k)?
23
Suppose -2*s + 5*x - 7 = -3*s, 2*s - 14 = x. Let w(q) = -139 - 6*q + 135 - q - 6*q**2 + q**3. Calculate w(s).
-4
Let x(z) be the first derivative of 1/2*z**2 + 0*z**3 - z + 43 + 5/2*z**4. Let y(p) = -p - 5. Let l be y(-6). Calculate x(l).
10
Let c(j) = 2*j**3 - 4*j - 11*j - 5 - 3*j**3 + 3*j**2 + j - 12*j**2. What is c(-6)?
-29
Let l(y) = -y**2 - y - 2. Let m be l(2). Let f(w) be the third derivative of -w**5/60 - 7*w**4/24 - w**3/6 + w**2. Calculate f(m).
-9
Suppose -1180*k = -y - 1176*k - 14, -2*k = -2*y - 22. Let h(n) = n**2 + 3*n - 27. Calculate h(y).
43
Let l be ((3 + -3)/(-6))/(-2). Let s(w) = w**3 - 6*w - 1. Let k be s(l). Let q(a) be the second derivative of 5*a**3/2 - a**2/2 - a. Calculate q(k).
-16
Let t(s) = -s**2 - 39*s - 280. Let q(n) = -n**2 + 5*n + 236. Let d be q(-14). Calculate t(d).
-10
Let d = -16 - -10. Let a = -64 - -64. Let q(k) = k + a + 4 + 0. What is q(d)?
-2
Let s(y) be the first derivative of -y**3/3 + 4*y**2 - 10*y - 1. Suppose 4*r = -3*p + 17, -r + p + 100 - 87 = 0. Calculate s(r).
-10
Let g(j) be the third derivative of -j**6/360 - j**5/30 + j**4/24 - 55*j**3/6 + 8*j**2. Let t(x) be the first derivative of g(x). Calculate t(-7).
-20
Let u(t) = t**2 - 50*t + 231. Suppose 0 = 66*v + 11*v - 385. Determine u(v).
6
Suppose -90360 = -12*k - 90540. Let b(l) = l**3 + 17*l**2 + 32*l + 16. Determine b(k).
-14
Let l = 25 - 27. Let c(y) be the first derivative of 3 - 3*y**2 + 3 + 4*y**2 + 2*y. What is c(l)?
-2
Suppose -49 = -3*n + 4*q, 30*q - 71 = -5*n + 26*q. Suppose n*c = 6*c - 63. Let b(k) = k**3 + 8*k**2 + 5*k - 10. Determine b(c).
4
Let k(r) be the third derivative of -r**6/120 + 7*r**5/60 + 5*r**3/6 + 2*r**2. Let p = 14933 + -14926. Calculate k(p).
5
Let k(q) be the first derivative of 0*q + 1/3*q**3 + 1/6*q**4 - 17/2*q**2 + 8 + 1/10*q**5 + 1/120*q**6. Let p(l) be the second derivative of k(l). Give p(-5).
7
Let k(n) be the second derivative of n**4/4 - 5*n**3/3 + 159*n**2/2 + 176*n - 1. Let c(r) be the first derivative of k(r). Give c(-7).
-52
Let w(o) = o**2 - 8*o - 2. Suppose 0 = 63*z - 65*z - 120. Let r be ((-40)/z)/(4/42). What is w(r)?
-9
Let f(b) = -2*b**2 + 7*b - 9. Suppose -6 = -2*j - 2*v, 6*j - 3*j - 3*v - 9 = 0. Calculate f(j).
-6
Let w be (1/(-2))/(3/(-120)) - (-892)/223. Let d(j) = 2*j**2 - 50*j + 30. Calculate d(w).
-18
Let r(u) = u**3 + 18*u**2 + 6. Let p be r(-18). Let d(a) = 8*a - p*a - 2*a - 11 + a. What is d(5)?
-6
Let l = -42 - -45. Let n(s) = -s**l + 3 - 4 - 241*s**2 - 3*s + 236*s**2. Give n(-3).
-10
Suppose -60*j = -46*j. Let c(r) = -3*r**2 - 147 + 5*r + j*r - r**3 + 153. Give c(-4).
2
Let g(l) = -2 - 15*l + 5*l**2 + 13 - 3*l + l**3 + 2*l**2 + 11*l**2. Determine g(-19).
-8
Let k(n) = 4*n**2 - 3*n + 1. Let z(c) = 7*c**2 - 6*c + 3. Let l(m) = -5*k(m) + 3*z(m). Let q = -34451 + 34457. Determine l(q).
22
Let y(q) = 67*q + 468. Let h be (259/148)/(7/(-28)). Give y(h).
-1
Let u(c) = -279 + 8*c**3 + 2*c**2 + 539 - 2*c**2 - 261. Calculate u(1).
7
Let q(v) = -v**3 - 6*v**2 - v - 4. Suppose 2*y - 208 + 4 = 0. Suppose 10*z + 38 = -y. Let w = z - -9. Give q(w).
-24
Let y(j) be the third derivative of j**5/60 - 5*j**4/8 - 7*j**3/2 + 1386*j**2. What is y(16)?
-5
Let q(b) = 0*b + 10 - 6 - b. Suppose d = -3, -9*n + 6*n + 9 = -3*d. Determine q(n).
4
Let i(c) = -c - 1. Let w(t) = -2*t**3 + 12*t**2 + 2*t + 4. Let l be w(6). Let v = l - 14. Let d(r) = 6*r + 6. Let y(g) = v*d(g) + 11*i(g). Calculate y(5).
6
Let i(w) = -w**3 - 4*w**2. Let m be i(-3). Let b be m + (4 - 3)*4 + -1. Let v(f) = -2*f**2 - 10*f - 7. Calculate v(b).
-19
Let g(x) = 0*x**3 - 58*x - 7 + 22 - 6*x**2 + 50*x + x**3. Let v(c) = 2*c**3 - 7*c**2 - 18*c + 22. Let k be v(5). Give g(k).
8
Let l(o) be the third derivative of -o**5/60 - o**4/3 - 2*o**3/3 - 1367*o**2. Give l(-11).
-37
Let l(a) = -a**3 - 6*a**2 - 136. Let d be l(-8). Let m(n) = 7*n + 29. Calculate m(d).
-27
Let t(g) be the third derivative of -g**6/120 + g**5/15 - g**4/6 + g**3/6 + 2*g**2. Let i be 2*((-45)/70)/(-4 - (-100)/28). Give t(i).
-2
Let n(c) = -12*c - 4. Let h be n(-1). Let a(x) = -x + 32. Let v(w) = 4*w - 142. Let z(j) = 18*a(j) + 4*v(j). What is z(h)?
-8
Let o(v) = 6*v - 197. Let s(c) = c**3 - 19*c**2 + 69*c + 240. Let u be s(11). Determine o(u).
-11
Let a(h) = 2*h**2 - 3*h**2 - 1 - 1. Let c = 9095 - 9098. What is a(c)?
-11
Let w(k) = 12*k - 235. Let a be w(20). Let i(b) = 5*b**2 - 8*b - 5 - b - 6*b**2 + 4*b - a*b. What is i(-10)?
-5
Let y be (-3)/(-2)*1*(-30)/(-9). Let f be 7 + (-2)/(5/(15/2)). Let t(s) = -6*s. Let l(b) = -5*b. Let d(i) = f*l(i) - 3*t(i). Calculate d(y).
-10
Let y(s) = 5*s**3 + 36*s**2 + 41*s + 73. Let i(g) = -2*g**3 - 12*g**2 - 14*g - 25. Let o(c) = -8*i(c) - 3*y(c). What is o(13)?
7
Let s(m) = -2 - 12*m**2 - 6*m**2 + 0*m**2 + 19*m + 19*m**2. What is s(-13)?
-80
Let q(x) = 2*x + 2. Let o(f) = 2*f - 4. Suppose -3*k = -8*k, -h = 5*k + 1. Let p(i) = h*o(i) + 2*q(i). Calculate p(-8).
-8
Let a(c) = 6*c**3 - 2*c**2 + 2*c - 5. Let b(m) = -11*m**3 + 5*m**2 - 5*m + 11. Let d(v) = -5*a(v) - 2*b(v). Calculate d(2).
-61
Let d(z) = -z + 5. Suppose 8*g - 9*g = -58. Let l = 144 + -86. Let v = l - g. What is d(v)?
5
Let w(f) be the first derivative of -2/3*f**3 + 5*f**2 - 6*f + 47. Determine w(6).
-18
Let a(g) = 2*g**2 - 6*g + 4. Let q be (0 + (-12)/(-18))*(0 - 6/(-4)). Give a(q).
0
Suppose 0 = 5*r + 3*u - 25, 6*u - 26 = -3*r + 2*u. Let z(x) = -22 + 8 + x - x**r + 3 + 5. Let o be z(0). Let t(b) = b. Give t(o).
-6
Suppose 145 = -5*o + 4*o + 30*o. Let a(j) = j**3 - 8*j**2 + 7*j - 3. What is a(o)?
-43
Let o be (0 + 0 + 2)/(38/5985*-9). Let s(h) = -h**2 - 34*h + 36. Give s(o).
1
Suppose -18*w = -129*w. Let o(r) = 20*r + 13. Calculate o(w).
13
Let u(c) be the second derivative of c**3/6 + 17*c**2 + 104*c + 7. What is u(-13)?
21
Let c = -17 + 22. Suppose d - 4 = -2